culate the remainder when 1921631 is divided by 5523.
5150
Calculate the remainder when 7402060 is divided by 1143.
1135
Calculate the remainder when 20230433 is divided by 36.
17
Calculate the remainder when 97275030 is divided by 1023.
6
What is the remainder when 739718 is divided by 245956?
1850
Calculate the remainder when 685185 is divided by 52706.
7
What is the remainder when 333757 is divided by 20717?
2285
Calculate the remainder when 146998 is divided by 914.
758
Calculate the remainder when 236966 is divided by 26325.
41
What is the remainder when 12582254 is divided by 16?
14
What is the remainder when 12998613 is divided by 678?
675
Calculate the remainder when 186370 is divided by 92876.
618
What is the remainder when 103226 is divided by 1023?
926
What is the remainder when 6962273 is divided by 94?
69
What is the remainder when 6930 is divided by 3146?
638
What is the remainder when 176995 is divided by 2996?
231
Calculate the remainder when 239600 is divided by 14059.
597
What is the remainder when 17290236 is divided by 19?
8
What is the remainder when 802076 is divided by 88?
44
What is the remainder when 446535 is divided by 830?
825
What is the remainder when 122643 is divided by 6440?
283
Calculate the remainder when 732497 is divided by 1428.
1361
What is the remainder when 8811790 is divided by 128?
14
Calculate the remainder when 9017 is divided by 9014.
3
What is the remainder when 7739621 is divided by 68?
65
What is the remainder when 16852 is divided by 16716?
136
What is the remainder when 328119 is divided by 65617?
34
What is the remainder when 231802 is divided by 15055?
5977
Calculate the remainder when 497843 is divided by 248900.
43
Calculate the remainder when 1131473 is divided by 68.
21
What is the remainder when 47808527 is divided by 110?
107
What is the remainder when 5301 is divided by 351?
36
What is the remainder when 29006986 is divided by 292?
290
What is the remainder when 1680496 is divided by 62?
48
What is the remainder when 12220472 is divided by 171?
128
What is the remainder when 10446537 is divided by 242?
123
What is the remainder when 374385 is divided by 2161?
532
Calculate the remainder when 36578273 is divided by 230.
223
What is the remainder when 1164467 is divided by 257?
0
Calculate the remainder when 4212 is divided by 705.
687
Calculate the remainder when 3788532 is divided by 270606.
48
Calculate the remainder when 385196 is divided by 14813.
58
Calculate the remainder when 26248291 is divided by 2916475.
16
What is the remainder when 260166 is divided by 8765?
5981
Calculate the remainder when 28864022 is divided by 7216005.
2
Calculate the remainder when 1958517 is divided by 1958496.
21
Calculate the remainder when 11520 is divided by 5406.
708
What is the remainder when 184519 is divided by 10580?
4659
Calculate the remainder when 813108 is divided by 270820.
648
Calculate the remainder when 548262 is divided by 2100.
162
Calculate the remainder when 2292762 is divided by 225.
12
Calculate the remainder when 330299 is divided by 1306.
1187
Calculate the remainder when 10193801 is divided by 2038760.
1
Calculate the remainder when 5453519 is divided by 36114.
305
What is the remainder when 17145 is divided by 4250?
145
Calculate the remainder when 26901372 is divided by 125.
122
What is the remainder when 7098049 is divided by 1182983?
151
What is the remainder when 11730 is divided by 10920?
810
Calculate the remainder when 54875 is divided by 54812.
63
Calculate the remainder when 130749 is divided by 6527.
209
Calculate the remainder when 4508346 is divided by 479.
477
What is the remainder when 72180024 is divided by 46?
44
Calculate the remainder when 13932730 is divided by 4644232.
34
What is the remainder when 41979953 is divided by 213?
209
What is the remainder when 20242780 is divided by 1840251?
19
What is the remainder when 1367621 is divided by 2326?
2259
Calculate the remainder when 101259 is divided by 1286.
951
Calculate the remainder when 133306 is divided by 913.
8
What is the remainder when 425186 is divided by 1826?
1554
Calculate the remainder when 943139 is divided by 134709.
176
Calculate the remainder when 78444 is divided by 1563.
294
What is the remainder when 2694911 is divided by 348?
347
What is the remainder when 4078771 is divided by 23989?
641
Calculate the remainder when 2880144 is divided by 4217.
4150
What is the remainder when 364596 is divided by 60754?
72
What is the remainder when 12265 is divided by 1572?
1261
Calculate the remainder when 6955151 is divided by 3477490.
171
Calculate the remainder when 34111 is divided by 247.
25
What is the remainder when 6540447 is divided by 33?
12
Calculate the remainder when 498358 is divided by 1706.
206
Calculate the remainder when 455573 is divided by 247.
105
What is the remainder when 23283374 is divided by 133?
128
What is the remainder when 8056280 is divided by 17?
14
What is the remainder when 508295 is divided by 127064?
39
Calculate the remainder when 108648 is divided by 2131.
2098
What is the remainder when 2558955 is divided by 30105?
30
What is the remainder when 1039820 is divided by 16247?
12
What is the remainder when 324354515 is divided by 47?
42
Calculate the remainder when 34430916 is divided by 23077.
32
Calculate the remainder when 61328 is divided by 8687.
519
What is the remainder when 42183 is divided by 151?
54
What is the remainder when 207450 is divided by 29600?
250
Calculate the remainder when 125100 is divided by 590.
20
Calculate the remainder when 106218 is divided by 20187.
5283
Calculate the remainder when 130041401 is divided by 45.
41
What is the remainder when 40160 is divided by 5221?
3613
Calculate the remainder when 4638189 is divided by 122.
115
What is the remainder when 93846495 is divided by 1510?
1505
What is the remainder when 286498 is divided by 392?
338
Calculate the remainder when 2599356 is divided by 1173.
1161
What is the remainder when 338430 is divided by 2813?
870
Calculate the remainder when 333190 is divided by 4327.
11
Calculate the remainder when 1166039 is divided by 6.
5
What is the remainder when 40290 is divided by 4128?
3138
What is the remainder when 232705774 is divided by 6098?
6094
What is the remainder when 161700 is divided by 161555?
145
What is the remainder when 3614831 is divided by 903697?
43
Calculate the remainder when 1461529 is divided by 2849.
2841
What is the remainder when 690452 is divided by 230112?
116
What is the remainder when 4954361 is divided by 132?
5
What is the remainder when 62693 is divided by 983?
764
What is the remainder when 17131123 is divided by 56167?
188
Calculate the remainder when 80443 is divided by 70203.
10240
Calculate the remainder when 19459464 is divided by 6486487.
3
Calculate the remainder when 652130 is divided by 130418.
40
What is the remainder when 4392020 is divided by 137220?
980
Calculate the remainder when 43253119 is divided by 8.
7
Calculate the remainder when 931335 is divided by 11789.
4
What is the remainder when 2877367 is divided by 6?
1
What is the remainder when 216001 is divided by 71957?
130
Calculate the remainder when 33623083 is divided by 1462.
7
What is the remainder when 489744 is divided by 163192?
168
Calculate the remainder when 38135088 is divided by 4233.
4224
What is the remainder when 1751512 is divided by 134730?
22
Calculate the remainder when 10388 is divided by 2069.
43
Calculate the remainder when 639431 is divided by 2523.
1112
What is the remainder when 107024430 is divided by 11891603?
3
What is the remainder when 8064 is divided by 3935?
194
Calculate the remainder when 26353657 is divided by 47.
5
Calculate the remainder when 1034995 is divided by 750.
745
Calculate the remainder when 738111 is divided by 241965.
12216
Calculate the remainder when 190599 is divided by 7780.
3879
What is the remainder when 41686 is divided by 7492?
4226
Calculate the remainder when 120475 is divided by 2710.
1235
What is the remainder when 399228 is divided by 2972?
980
Calculate the remainder when 4101695 is divided by 2143.
2136
What is the remainder when 7183399 is divided by 312321?
16
Calculate the remainder when 183974 is divided by 167.
107
Calcu